at is the highest common divisor of 7154 and 9079?
7
What is the greatest common factor of 874 and 2780384?
38
Calculate the highest common divisor of 7615487 and 6061.
319
What is the highest common factor of 371570 and 9782?
146
Calculate the greatest common divisor of 36 and 3891.
3
Calculate the highest common divisor of 14996486 and 5018.
386
Calculate the highest common divisor of 2880 and 2105184.
96
What is the highest common divisor of 837776 and 176?
16
What is the highest common divisor of 26 and 210917837?
13
Calculate the highest common divisor of 18 and 45197307.
9
Calculate the highest common factor of 13512 and 16168.
8
Calculate the greatest common factor of 694057 and 10257.
3419
What is the highest common factor of 452334 and 11?
1
Calculate the greatest common divisor of 29798202 and 74774.
1526
Calculate the greatest common divisor of 736 and 32208464.
368
Calculate the highest common factor of 298 and 154.
2
What is the highest common divisor of 568 and 496787?
71
Calculate the highest common factor of 804 and 188436.
12
What is the greatest common divisor of 85428696 and 236?
236
What is the greatest common factor of 141960 and 9205?
35
What is the highest common divisor of 1332612 and 63?
9
What is the greatest common factor of 12795462 and 7596?
3798
What is the greatest common divisor of 243423850 and 850?
850
Calculate the highest common divisor of 88840582 and 92.
46
Calculate the greatest common factor of 202552 and 6139.
7
Calculate the greatest common divisor of 4 and 8597348.
4
What is the highest common factor of 175 and 6760850?
25
Calculate the greatest common factor of 708611125 and 28335.
9445
What is the highest common factor of 1574864 and 57184?
16
What is the greatest common divisor of 59923675 and 175?
175
What is the greatest common divisor of 29775 and 79353948?
1191
Calculate the highest common divisor of 28 and 34951126.
14
Calculate the highest common divisor of 11336 and 593075431.
1417
What is the highest common divisor of 3406 and 25512643?
1703
Calculate the highest common divisor of 57695732 and 706.
706
What is the greatest common factor of 42456 and 1501820?
244
What is the highest common factor of 39581328 and 4832?
2416
Calculate the greatest common factor of 4902 and 227.
1
What is the greatest common factor of 41 and 5217601?
1
Calculate the greatest common factor of 512768 and 11.
1
Calculate the highest common factor of 1976 and 9747296.
104
What is the highest common factor of 3845 and 83009705?
3845
Calculate the greatest common factor of 4025 and 285292.
161
What is the greatest common divisor of 233632 and 5599328?
1568
What is the greatest common factor of 12 and 7339641?
3
What is the highest common divisor of 2552 and 2887?
1
What is the highest common factor of 52351 and 23408951?
4027
What is the greatest common factor of 3739933 and 62?
31
What is the greatest common factor of 71 and 827471701?
71
What is the highest common divisor of 62018074 and 3910?
782
Calculate the highest common divisor of 84144 and 325392.
48
Calculate the greatest common divisor of 49807398 and 114.
114
Calculate the highest common factor of 256 and 83290800.
16
What is the highest common factor of 4 and 2021782?
2
What is the greatest common factor of 24 and 23641284?
12
What is the highest common factor of 142 and 893149612?
142
What is the highest common divisor of 9520796 and 32?
4
What is the greatest common divisor of 65152 and 3179723?
509
Calculate the greatest common divisor of 745 and 6615600.
745
Calculate the greatest common factor of 1161 and 3074199.
129
Calculate the greatest common factor of 11817 and 9675497.
1313
What is the highest common divisor of 1322500 and 3000?
500
What is the greatest common divisor of 444295 and 335?
5
What is the greatest common factor of 710474 and 199282?
74
What is the greatest common divisor of 54041731 and 1474?
67
Calculate the highest common factor of 18236928 and 2046.
186
Calculate the highest common divisor of 27443214 and 27.
9
What is the greatest common factor of 3 and 7078482?
3
What is the greatest common factor of 12026 and 59666999?
6013
What is the highest common divisor of 4063750 and 20?
10
What is the greatest common factor of 24254 and 108238?
362
What is the greatest common divisor of 300818 and 6286?
14
Calculate the highest common divisor of 1035193 and 39437.
113
What is the greatest common divisor of 25032 and 616826?
14
Calculate the highest common divisor of 236364506 and 294.
14
Calculate the greatest common divisor of 11666 and 291922002.
614
What is the highest common factor of 318 and 10646481?
159
Calculate the highest common factor of 3351 and 780552898.
1117
Calculate the greatest common factor of 334628 and 27965.
119
Calculate the greatest common factor of 5289975 and 2499.
51
What is the highest common factor of 88 and 78765478?
22
What is the highest common divisor of 10131640 and 207260?
4820
What is the greatest common divisor of 41676 and 69414?
138
What is the highest common divisor of 10210705 and 31295?
2845
What is the greatest common factor of 615 and 75695635?
205
What is the greatest common factor of 20389668 and 52?
52
Calculate the highest common divisor of 242311916 and 33.
11
What is the highest common factor of 6337944 and 4104?
1368
What is the greatest common factor of 3 and 23709849?
3
Calculate the greatest common divisor of 1022844784 and 16.
16
Calculate the highest common factor of 2 and 106916573.
1
What is the greatest common divisor of 4925 and 6527595?
985
Calculate the greatest common divisor of 334025479 and 278.
139
Calculate the greatest common divisor of 3665 and 209172545.
3665
What is the greatest common divisor of 50951998 and 389?
389
What is the highest common factor of 323639433 and 873?
873
What is the greatest common divisor of 155 and 8252448?
31
Calculate the greatest common factor of 14395875 and 15600.
975
Calculate the greatest common divisor of 227684294 and 2084.
1042
What is the greatest common factor of 6707420333 and 23?
23
What is the highest common factor of 39459 and 282261?
21
What is the highest common divisor of 207064 and 446160?
1144
What is the highest common factor of 236632 and 21197?
11
What is the greatest common factor of 6074681 and 24962?
1783
What is the greatest common factor of 25823550 and 1950?
150
What is the highest common divisor of 877611 and 2484?
69
What is the greatest common divisor of 1162 and 148962009?
581
Calculate the highest common factor of 15789662 and 3136.
98
Calculate the highest common factor of 17 and 16396789.
17
What is the highest common divisor of 10 and 17547220?
10
What is the greatest common divisor of 34072380 and 1140?
60
Calculate the highest common divisor of 390340 and 2975400.
580
What is the greatest common divisor of 81431538 and 6?
6
What is the highest common factor of 1056 and 495888?
48
What is the greatest common divisor of 68314070 and 23430?
7810
What is the greatest common factor of 300 and 480137025?
75
What is the highest common divisor of 192 and 1796006976?
192
What is the highest common factor of 1188 and 1213542?
594
Calculate the greatest common factor of 2706867 and 567.
9
Calculate the greatest common divisor of 77775056 and 342.
38
What is the greatest common factor of 840 and 26328?
24
What is the highest common divisor of 8744363 and 97744?
149
Calculate the highest common divisor of 23189196 and 1083.
1083
What is the greatest common divisor of 2235 and 308043345?
2235
What is the highest common factor of 35 and 387065?
35
Calculate the greatest common divisor of 49995252 and 12572.
1796
What is the highest common divisor of 7509 and 567352507?
2503
What is the greatest common divisor of 266152 and 52?
4
What is the greatest common divisor of 8625292 and 296?
148
What is the greatest common factor of 8 and 7723748?
4
Calculate the highest common factor of 46614 and 135715290.
2742
What is the greatest common divisor of 28 and 429980?
4
What is the highest common divisor of 239 and 39839149?
239
Calculate the highest common factor of 70 and 3455610.
10
What is the greatest common divisor of 971910 and 2860?
10
Calculate the highest common factor of 154203 and 525.
21
Calculate the highes